- 323041. Determine m(186).
41
Let c(p) = 237*p - 13717. Give c(54).
-919
Let s(x) = -3*x**3 - 2029*x**2 + 3381*x - 6128. What is s(-678)?
-26
Let j(u) = -747*u + 9759. Give j(13).
48
Let z(u) = 8*u**3 + 1717*u**2 - 631*u + 3006. What is z(-215)?
-4
Let a(u) = 140462*u + 295. Calculate a(0).
295
Let q(h) = -h**3 + 137*h + 27. Determine q(-11).
-149
Let w(k) = k**2 - 746*k + 136575. Calculate w(337).
-1258
Let k(n) = -10*n**3 - 4770*n**2 + 5*n - 86. Give k(-477).
-2471
Let p(r) = 13*r**3 - 327*r**2 + 31*r - 102. Calculate p(25).
-577
Let u(a) = 5*a**3 + 172*a**2 + 12*a - 1971. Calculate u(-34).
-67
Let g(m) = -737*m**2 + 16228*m - 316. What is g(22)?
-8
Let c(b) = b**2 + 125*b + 1072. Determine c(-50).
-2678
Let c(r) = -2219*r + 55633. Give c(25).
158
Let d(g) = -44154*g - 264931. Calculate d(-6).
-7
Let s(k) = 16*k**3 + 34*k**2 - 14*k - 25. Give s(-4).
-449
Let r(l) = 864*l - 1869. Calculate r(4).
1587
Let y(b) = b**2 + 1701*b - 618780. What is y(308)?
-8
Let b(f) = -11*f**2 + 157*f + 1. What is b(14)?
43
Let g(x) = x**2 - 468*x + 30320. What is g(78)?
-100
Let x(i) = 13254*i - 238571. Give x(18).
1
Let o(t) = -t**2 - 67*t + 10691. Give o(-143).
-177
Let y(k) = k**2 + 1530*k - 19845. Give y(13).
214
Let z(v) = -15630*v - 2969781. Calculate z(-190).
-81
Let f(c) = -3*c**2 - 1440*c + 109867. What is f(-547)?
-80
Let a(i) = 92*i**2 - 16522*i - 6920. Give a(180).
-80
Let t(o) = 172349*o - 517029. Give t(3).
18
Let r(q) = 53981*q - 53994. Calculate r(1).
-13
Let o(y) = -8*y**3 - 10263*y**2 - 19210*y + 6396. Determine o(-1281).
-9
Let i(m) = -m**3 - 130*m**2 + 48*m + 6325. Determine i(-130).
85
Let b(r) = r**2 - 307855*r - 4310162. Calculate b(-14).
4
Let r(v) = 1018*v**2 - 217*v - 222. Determine r(-1).
1013
Let f(r) = -769*r + 38469. Calculate f(50).
19
Let n(t) = 217*t - 7160. Determine n(35).
435
Let s(v) = v**2 - 22429*v + 246587. Calculate s(11).
-11
Let o(r) = -2*r**3 - 654*r**2 - 2743*r - 258830. Calculate o(-324).
46
Let f(x) = -1258*x + 2469. Give f(2).
-47
Let r(q) = -2*q**3 - 84*q**2 - 301*q + 187. What is r(-38)?
73
Let c(u) = u**2 - 614433*u + 3072145. Give c(5).
5
Let o(a) = 12571*a + 603428. What is o(-48)?
20
Let g(n) = 2*n**3 - 1520*n**2 - 9210*n + 13770. Calculate g(766).
-18
Let b(d) = 151868*d + 2733494. Give b(-18).
-130
Let s(z) = 3155*z - 19238. Calculate s(6).
-308
Let x(g) = 520*g**2 - 53548*g - 1230. Give x(103).
6
Let y(f) = 648*f - 40034. Calculate y(57).
-3098
Let d(u) = -135*u**2 - 3230*u + 345. Determine d(-24).
105
Let a(o) = -2*o**3 - 409*o**2 - 10887*o + 2072. Give a(-173).
-4
Let f(g) = 134*g + 21145. Calculate f(-158).
-27
Let u(q) = -26396*q - 105591. Determine u(-4).
-7
Let j(a) = -5282*a + 1811725. Calculate j(343).
-1
Let i(g) = -2131*g - 146975. Give i(-69).
64
Let f(z) = z**3 - 42*z**2 + 295*z + 30. What is f(15)?
-1620
Let z(r) = r**3 - 96*r**2 - 5919*r - 33740. Determine z(140).
0
Let g(y) = -8*y**2 + 1031*y + 35106. Calculate g(-28).
-34
Let n(u) = -2*u**2 + 398*u - 4. Give n(0).
-4
Let c(b) = 1033*b**2 - 55*b - 24. Determine c(-1).
1064
Let z(o) = 4*o**2 + 81*o + 701. What is z(-14)?
351
Let n(i) = -60027*i + 3961755. Calculate n(66).
-27
Let n(d) = 163*d**2 + 2439*d - 4905. Give n(2).
625
Let m(a) = 2*a**3 - 24*a**2 - 65*a + 409. Determine m(14).
283
Let p(b) = -4*b**3 + 64*b**2 + 78*b - 666. What is p(17)?
-496
Let l(g) = -4428*g**2 + 146127*g - 97. Determine l(33).
2
Let u(n) = -n**3 + 128*n**2 + 1301*n + 619. Determine u(-9).
7
Let r(y) = -243818*y + 487647. Determine r(2).
11
Let o(f) = -134*f**2 - 7127*f - 1321. Calculate o(-53).
4
Let v(p) = 259565*p - 4931728. Determine v(19).
7
Let j(k) = k**2 + 16369*k - 245799. Calculate j(15).
-39
Let y(n) = n**2 + 64*n - 673. Calculate y(25).
1552
Let v(r) = -6*r**2 - 2527*r + 78320. Calculate v(29).
-9
Let b(l) = -2*l**3 - 20*l**2 + 59*l + 600. Determine b(-13).
847
Let s(g) = -2*g**3 - 123*g**2 - 801*g - 45044. Give s(-61).
96
Let g(s) = -s**3 - 84*s**2 + 1082*s + 3555. Calculate g(-95).
40
Let x(o) = 3797*o - 68289. What is x(18)?
57
Let k(q) = q**3 + 163*q**2 + 326*q + 731. What is k(-161)?
87
Let c(g) = 14792*g + 87945. Calculate c(-6).
-807
Let l(v) = 3*v**2 + 26*v - 568. What is l(-16)?
-216
Let c(p) = -424*p + 202613. Give c(478).
-59
Let u(y) = -388*y - 1557. Give u(-5).
383
Let t(w) = 2*w**2 - 113*w + 797. Give t(36).
-679
Let k(m) = -m**2 - 2130*m - 75385. Give k(-36).
-1
Let p(f) = -8*f**2 + 779*f + 7149. Determine p(106).
-165
Let p(u) = u**2 + 1345*u + 414430. Calculate p(-867).
4
Let p(b) = -39*b + 35. Give p(14).
-511
Let y(v) = 12*v**2 + 4*v - 5. Determine y(10).
1235
Let u(p) = -p**3 - 17*p**2 + 3*p - 5. Give u(0).
-5
Let n(b) = -296*b - 2497. What is n(-5)?
-1017
Let q(j) = j**3 - 38*j**2 - 133*j + 105. What is q(41)?
-305
Let h(o) = -40215*o - 13632891. Determine h(-339).
-6
Let q(b) = 316*b - 4077. What is q(11)?
-601
Let t(q) = -q**3 + 25*q**2 + 580*q - 6240. Give t(9).
276
Let y(h) = 2*h**2 + 60*h + 446. What is y(-10)?
46
Let x(o) = 2020*o + 127259. Give x(-63).
-1
Let k(m) = -m**3 + 26*m**2 + 3*m + 53. Give k(27).
-595
Let c(a) = a**2 + 94*a + 123. What is c(-90)?
-237
Let o(d) = -1025*d - 15179. Calculate o(-15).
196
Let y(i) = i**3 - 36*i**2 - 572*i - 45. Calculate y(48).
147
Let u(d) = d**3 + 23*d**2 - 513*d - 4371. Calculate u(-7).
4
Let t(n) = -74785*n - 598424. Give t(-8).
-144
Let q(r) = -11*r**2 - 335*r + 910. Determine q(-33).
-14
Let f(z) = 99*z**2 - 1868*z - 126. Give f(19).
121
Let a(b) = -b**2 - 246284*b - 492551. Calculate a(-2).
13
Let t(q) = 7*q**2 + 162*q + 2038. Calculate t(-15).
1183
Let x(d) = -19*d**3 + 67*d**2 + 23*d - 147. Give x(4).
-199
Let v(t) = -164*t - 15964. Determine v(-97).
-56
Let f(b) = 3*b**2 + 112426*b + 674532. What is f(-6)?
84
Let j(t) = -273*t - 15333. What is j(-57)?
228
Let w(y) = -222907*y + 891596. What is w(4)?
-32
Let a(m) = -1486*m - 9561. Calculate a(-7).
841
Let h(j) = -10*j**3 - 619*j**2 + 2040*j + 1621. Give h(-65).
-4
Let j(b) = 3*b**3 - 97*b**2 - 25*b + 51. Calculate j(32).
-1773
Let p(c) = -35*c**3 - 13*c**2 + 197*c - 327. Determine p(2).
-265
Let r(x) = -3*x**2 + 816*x + 2478. Give r(-3).
3
Let d(k) = -k**2 - 290*k + 190571. What is d(315)?
-4
Let s(q) = -10*q**3 - 31*q**2 - 32*q + 7. Determine s(-2).
27
Let s(b) = -b**3 + 18*b**2 - 405*b + 8122. Give s(19).
66
Let i(x) = -x**3 - 336*x**2 - 285*x - 95750. Calculate i(-336).
10
Let i(p) = -p**3 - 140*p**2 - 2081*p + 1215. Determine i(-123).
-15
Let y(i) = -i**2 + 11466*i + 195042. Determine y(-17).
-169
Let w(n) = -63*n + 1915. Give w(27).
214
Let w(f) = f**3 - 146*f**2 + 155*f - 1419. What is w(145)?
31
Let g(k) = k**2 + 19*k - 4360. Determine g(57).
-28
Let v(g) = -g**2 + 747*g + 22424. Calculate v(-30).
-886
Let r(f) = -296*f + 66396. What is r(224)?
92
Let d(i) = -i**3 - 16*i**2 + 228*i - 17. Give d(11).
-776
Let u(l) = l**3 - 76*l**2 + 68*l + 56. Calculate u(75).
-469
Let g(i) = 29*i + 4345. Give g(-125).
720
Let v(z) = -z**2 - 8751*z + 52588. Calculate v(6).
46
Let k(a) = -217*a**2 - 2*a + 9. Determine k(-2).
-855
Let b(j) = 2*j**3 - 74*j**2 - 540*j + 14983. Determine b(39).
7
Let y(q) = q**3 + 3*q**2 - 32*q + 42. What is y(6)?
174
Let d(n) = -n**2 - 5637*n + 39497. Calculate d(7).
-11
Let v(i) = -18*i**3 - 6*i**2 + 9. Give v(-1).
21
Let q(f) = -3917*f - 58067. Calculate q(-16).
4605
Let p(v) = -2*v**3 + 127*v**2 - 1072*v + 54. Give p(10).
34
Let g(w) = -21*w**3 + 776*w**2 + 36*w + 19. Give g(37).
-18
Let b(r) = -18*r**2 + 3866*r - 3005. What is b(214)?
-9
Let x(b) = 4375*b + 22379. Calculate x(-5).
504
Let v(x) = -1126*x - 25595. Determine v(-23).
303
Let t(r) = -11214*r**2 + 1323256*r - 470. Determine t(118).
2
Let z(x) = 12733*x - 216529. Give z(17).
-68
Let v(d) = -179*d**2 - 3569*d + 172. Give v(-20).
-48
Let w(s) = -4*s**2 + 574*s + 4684. Calculate w(151).
154
Let v(h) = 3070*h + 21039. Determine v(-7).
-451
Let k(o) = o**3 + 123*o**2 - 9785*o + 932. Give k(-178).
42
Let t(k) = -k**3 - 32*k**2 - 1002*k - 9855. What is t(-13)?
-40
Let m(w) = -51089*w + 766332. Calculate m(15).
-3
Let h(k) = 3*k**3 + 526*k**2 - 9809*k + 40. What is h(17)?
40
Let y(v) = 28*v**2 - 2756*v - 5630. Determine y(-2).
-6
Let t(a) = -a**2 - 70*a + 1102. What is t(-83)?
23
Let g(m) = -7*m**2 + 269*m - 2350. Give g(25).
0
Let w(d) = 7*d**2 + 2